hat is the units digit of 287920?
0
What is the hundred thousands digit of 3780164?
7
What is the thousands digit of 266190?
6
What is the ten thousands digit of 123076?
2
What is the tens digit of 34850928?
2
What is the tens digit of 257526?
2
What is the hundreds digit of 5922232?
2
What is the thousands digit of 1505987?
5
What is the hundreds digit of 610747?
7
What is the tens digit of 376649?
4
What is the millions digit of 14515497?
4
What is the millions digit of 8961532?
8
What is the hundred thousands digit of 166918?
1
What is the tens digit of 7607776?
7
What is the hundreds digit of 1115791?
7
What is the thousands digit of 5988221?
8
What is the thousands digit of 4159752?
9
What is the thousands digit of 8016?
8
What is the ten thousands digit of 323487?
2
What is the hundred thousands digit of 1152366?
1
What is the units digit of 403274?
4
What is the tens digit of 1026094?
9
What is the hundreds digit of 1816425?
4
What is the units digit of 276817?
7
What is the thousands digit of 5660474?
0
What is the hundred thousands digit of 402695?
4
What is the hundred thousands digit of 1232646?
2
What is the ten thousands digit of 426217?
2
What is the units digit of 17456370?
0
What is the hundred thousands digit of 344290?
3
What is the units digit of 1043121?
1
What is the ten thousands digit of 340421?
4
What is the millions digit of 1394839?
1
What is the tens digit of 210676?
7
What is the hundreds digit of 10202422?
4
What is the tens digit of 192583?
8
What is the hundreds digit of 362518?
5
What is the tens digit of 601219?
1
What is the thousands digit of 15274474?
4
What is the millions digit of 1781634?
1
What is the thousands digit of 11893?
1
What is the hundreds digit of 473863?
8
What is the hundred thousands digit of 208237?
2
What is the thousands digit of 774627?
4
What is the hundred thousands digit of 5315772?
3
What is the hundreds digit of 328235?
2
What is the thousands digit of 7343962?
3
What is the hundred thousands digit of 2232372?
2
What is the hundreds digit of 18091?
0
What is the hundreds digit of 3476457?
4
What is the hundreds digit of 1061021?
0
What is the hundred thousands digit of 1038414?
0
What is the hundred thousands digit of 271767?
2
What is the hundred thousands digit of 3953644?
9
What is the ten millions digit of 11198989?
1
What is the ten thousands digit of 23695710?
9
What is the ten thousands digit of 7548698?
4
What is the units digit of 8315955?
5
What is the hundreds digit of 8010871?
8
What is the units digit of 2290748?
8
What is the hundred thousands digit of 2933012?
9
What is the units digit of 992834?
4
What is the thousands digit of 14891457?
1
What is the units digit of 239648?
8
What is the tens digit of 4933636?
3
What is the tens digit of 523809?
0
What is the units digit of 11300609?
9
What is the hundred thousands digit of 6400041?
4
What is the units digit of 11968?
8
What is the thousands digit of 18191978?
1
What is the tens digit of 2385548?
4
What is the units digit of 2148169?
9
What is the thousands digit of 670299?
0
What is the units digit of 725037?
7
What is the units digit of 105340?
0
What is the hundreds digit of 94913?
9
What is the thousands digit of 597212?
7
What is the thousands digit of 27837720?
7
What is the hundreds digit of 5430818?
8
What is the ten thousands digit of 4464437?
6
What is the millions digit of 1158781?
1
What is the millions digit of 2168725?
2
What is the tens digit of 10783617?
1
What is the tens digit of 1096862?
6
What is the tens digit of 1439310?
1
What is the units digit of 10448315?
5
What is the hundreds digit of 815527?
5
What is the hundreds digit of 1148441?
4
What is the hundred thousands digit of 151493?
1
What is the thousands digit of 2015288?
5
What is the tens digit of 119201?
0
What is the ten thousands digit of 416100?
1
What is the units digit of 631057?
7
What is the ten thousands digit of 136652?
3
What is the ten thousands digit of 183005?
8
What is the units digit of 870992?
2
What is the ten thousands digit of 3892820?
9
What is the hundred thousands digit of 3721731?
7
What is the units digit of 2200435?
5
What is the thousands digit of 80427?
0
What is the ten thousands digit of 1724122?
2
What is the hundred thousands digit of 3878897?
8
What is the units digit of 266776?
6
What is the hundreds digit of 1458964?
9
What is the thousands digit of 328427?
8
What is the hundreds digit of 703056?
0
What is the hundreds digit of 6239192?
1
What is the millions digit of 1698836?
1
What is the thousands digit of 656376?
6
What is the hundred thousands digit of 697920?
6
What is the thousands digit of 654836?
4
What is the ten thousands digit of 843447?
4
What is the hundred thousands digit of 9423453?
4
What is the ten thousands digit of 1088766?
8
What is the thousands digit of 88085?
8
What is the millions digit of 4285624?
4
What is the hundreds digit of 430174?
1
What is the hundred thousands digit of 157068?
1
What is the units digit of 188572?
2
What is the hundred thousands digit of 6049116?
0
What is the hundreds digit of 232915?
9
What is the tens digit of 741103?
0
What is the ten thousands digit of 20954701?
5
What is the thousands digit of 885959?
5
What is the hundreds digit of 468874?
8
What is the ten thousands digit of 80179?
8
What is the thousands digit of 55194?
5
What is the tens digit of 4390325?
2
What is the hundreds digit of 5718967?
9
What is the hundred thousands digit of 110751?
1
What is the hundreds digit of 11183202?
2
What is the ten thousands digit of 3984782?
8
What is the hundreds digit of 307503?
5
What is the units digit of 3221167?
7
What is the thousands digit of 635971?
5
What is the thousands digit of 103239?
3
What is the ten thousands digit of 35616058?
1
What is the hundred thousands digit of 825438?
8
What is the millions digit of 26534905?
6
What is the units digit of 302594?
4
What is the units digit of 2288792?
2
What is the hundreds digit of 173840?
8
What is the units digit of 155563?
3
What is the tens digit of 4737039?
3
What is the units digit of 72756?
6
What is the tens digit of 37482?
8
What is the hundreds digit of 643825?
8
What is the hundred thousands digit of 9527204?
5
What is the ten thousands digit of 311344?
1
What is the hundreds digit of 1159306?
3
What is the units digit of 19165299?
9
What is the hundreds digit of 15998491?
4
What is the ten thousands digit of 349203?
4
What is the ten thousands digit of 3768723?
6
What is the units digit of 6755031?
1
What is the hundred thousands digit of 130499?
1
What is the hundreds digit of 19813389?
3
What is the ten thousands digit of 119668?
1
What is the hundreds digit of 1012579?
5
What is the hundreds digit of 2829676?
6
What is the ten thousands digit of 85133?
8
What is the tens digit of 4024947?
4
What is the ten thousands digit of 3394765?
9
What is the units digit of 594940?
0
What is the units digit of 74982?
2
What is the tens digit of 3108256?
5
What is the thousands digit of 2199982?
9
What is the tens digit of 831461?
6
What is the millions digit of 1558334?
1
What is the hundreds digit of 189030?
0
What is the tens digit of 2892252?
5
What is the millions digit of 13850623?
3
What is the millions digit of 6187317?
6
What is the millions digit of 1802073?
1
What is the hundreds digit of 221630?
6
What is the thousands digit of 3158403?
8
What is the ten thousands digit of 1600754?
0
What is the thousands digit of 2866286?
6
What is the ten thousands digit of 10631697?
3
What is the tens digit of 1506712?
1
What is the thousands digit of 26694254?
4
What is the units digit of 251734?
4
What is the hundred thousands digit of 9516655?
5
What is the hundred thousands digit of 979847?
9
What is the tens digit of 20589?
8
What is the millions digit of 2243176?
2
What is the units digit of 10454606?
6
What is the ten thousands digit of 691779?
9
What is the hundreds digit of 1081357?
3
What is the millions digit of 1459946?
1
What is the hundred thousands digit of 203014?
2
What is the tens digit of 114827?
2
What is the hundred thousands digit of 3325735?
3
What is the tens digit of 6583228?
2
What is the thousands digit of 2602827?
2
What is the units digit of 482558?
8
What is the t